f 109791924?
False
Does 10 divide 79135686?
False
Is 72 a factor of 122888592?
True
Does 739 divide 197928587?
True
Is 33 a factor of 204554691?
True
Does 142 divide 121841557?
False
Is 1039522 a multiple of 450?
False
Is 4549 a factor of 1063756356?
True
Does 19 divide 580995851?
True
Is 132495969 a multiple of 78?
False
Is 83 a factor of 207106746?
True
Does 588 divide 178430815?
False
Is 5 a factor of 1150173064?
False
Is 11 a factor of 171299590?
True
Is 4088 a factor of 132649615?
False
Is 10 a factor of 3452155?
False
Is 5 a factor of 18593101?
False
Does 260 divide 488653567?
False
Does 12 divide 8901396?
True
Is 31512593 a multiple of 2419?
False
Does 128 divide 231000758?
False
Is 3317 a factor of 347173271?
False
Does 3294 divide 934046640?
True
Is 504 a factor of 80341598?
False
Is 123951864 a multiple of 6?
True
Is 1894 a factor of 454705838?
True
Is 1463927718 a multiple of 58?
False
Does 38 divide 884265790?
False
Does 1697 divide 568272432?
False
Is 46326940 a multiple of 20?
True
Does 2440 divide 2427025346?
False
Is 349 a factor of 4590397?
True
Is 1316809296 a multiple of 66?
True
Is 2518514435 a multiple of 4489?
False
Does 4 divide 80615?
False
Does 11 divide 12250509?
False
Is 71 a factor of 32349375?
True
Does 12 divide 21358872?
True
Does 1807 divide 25883468?
True
Does 109 divide 51123507?
True
Is 71486208 a multiple of 1633?
True
Is 21250664 a multiple of 76?
True
Is 140 a factor of 4945099338?
False
Is 9208634 a multiple of 74?
True
Is 1097009984 a multiple of 16?
True
Is 1049 a factor of 26507181?
True
Is 916180 a multiple of 76?
True
Is 42 a factor of 11430090?
True
Is 216207555 a multiple of 205?
True
Is 49139392 a multiple of 14?
False
Is 70103667 a multiple of 1344?
False
Is 3825709 a multiple of 3?
False
Does 192 divide 12939208?
False
Is 55696121 a multiple of 211?
False
Is 7875920 a multiple of 208?
True
Does 27 divide 206837307?
True
Does 2 divide 41356620?
True
Does 222 divide 30138942?
True
Does 1909 divide 355409984?
True
Does 10800 divide 1591102511?
False
Is 73 a factor of 717511087?
True
Does 89 divide 13731454?
True
Is 500 a factor of 2135354658?
False
Does 7 divide 14313593?
True
Does 2296 divide 278695308?
False
Is 40763001 a multiple of 67?
True
Is 217 a factor of 193122839?
True
Is 743391158 a multiple of 71?
True
Does 1528 divide 169450905?
False
Does 71 divide 355740?
False
Is 371239999 a multiple of 2561?
True
Does 22 divide 415592804?
True
Is 17 a factor of 718207?
False
Is 31 a factor of 19502348?
True
Is 8 a factor of 1505145080?
True
Does 845 divide 369640180?
True
Does 18 divide 39496063?
False
Is 302 a factor of 832966434?
True
Is 281985305 a multiple of 35?
True
Is 2283255134 a multiple of 73?
False
Is 20437014 a multiple of 428?
False
Is 200130779 a multiple of 296?
False
Is 44761059 a multiple of 1449?
True
Does 19 divide 1214104?
False
Is 1219343782 a multiple of 1580?
False
Is 768 a factor of 73232053?
False
Does 167 divide 155628469?
True
Is 35 a factor of 75251095?
False
Is 3 a factor of 20173951?
False
Is 57 a factor of 24979068?
False
Is 4244178 a multiple of 60?
False
Is 163466072 a multiple of 77?
True
Is 16 a factor of 86782605?
False
Does 22 divide 5193782?
True
Is 2178494703 a multiple of 33?
True
Is 118358330 a multiple of 755?
True
Is 26 a factor of 303767303?
False
Is 4732438 a multiple of 85?
False
Is 9909 a factor of 2411622693?
True
Is 4129 a factor of 34890050?
True
Is 10 a factor of 45926430?
True
Is 376514891 a multiple of 13?
False
Is 523133108 a multiple of 177?
False
Is 2818 a factor of 23127326?
True
Does 203 divide 75400244?
False
Is 253881709 a multiple of 934?
False
Does 83 divide 1402762748?
True
Is 220142591 a multiple of 181?
False
Is 13914382 a multiple of 24?
False
Does 6 divide 28225974?
True
Is 569 a factor of 80350691?
False
Is 12 a factor of 1230601188?
True
Does 9 divide 367552024?
False
Is 93 a factor of 582657728?
False
Does 22 divide 208211317?
False
Does 40 divide 168698880?
True
Does 14 divide 29989672?
False
Is 78155817 a multiple of 1173?
True
Does 920 divide 67401813?
False
Is 584 a factor of 660532616?
True
Is 51 a factor of 15116491?
False
Is 85263915 a multiple of 515?
True
Does 3 divide 14304147?
True
Is 290109346 a multiple of 3007?
True
Is 7035623 a multiple of 4?
False
Does 144 divide 115027757?
False
Does 23 divide 1466417716?
True
Does 189 divide 1981287567?
True
Is 13 a factor of 38733020?
False
Is 21 a factor of 56598829?
False
Is 1126667940 a multiple of 335?
False
Is 145 a factor of 953230?
True
Is 44010675 a multiple of 5?
True
Does 47 divide 56890534?
False
Does 18 divide 192498?
False
Is 525835062 a multiple of 1158?
True
Is 545056613 a multiple of 2400?
False
Is 15423747 a multiple of 80?
False
Is 860 a factor of 121180099?
False
Does 15 divide 83814070?
False
Does 159 divide 38479431?
True
Does 156 divide 1879368660?
True
Is 12 a factor of 36551136?
True
Is 3182443549 a multiple of 94?
False
Does 680 divide 228569760?
True
Does 481 divide 86254503?
False
Is 12147319 a multiple of 12?
False
Is 5917 a factor of 1243166234?
False
Is 10 a factor of 17706530?
True
Does 175 divide 5997075?
True
Is 4 a factor of 33874208?
True
Does 321 divide 167625603?
False
Is 690 a factor of 12059820?
True
Is 72734405 a multiple of 787?
False
Is 223769520 a multiple of 468?
True
Is 2606100860 a multiple of 220?
True
Is 3411554656 a multiple of 20?
False
Is 4081 a factor of 666206926?
True
Is 1011138340 a multiple of 103?
False
Does 34 divide 9044897?
False
Is 823 a factor of 42643745?
True
Is 159610333 even?
False
Is 1020748 a multiple of 24?
False
Is 11 a factor of 13971254?
True
Is 84 a factor of 2283018948?
True
Is 18075763 a multiple of 241?
False
Is 383 a factor of 26508962?
True
Does 9 divide 83207659?
False
Is 3 a factor of 50004036?
True
Does 17 divide 295879968?
True
Does 437 divide 154143440?
False
Is 17317727 a multiple of 605?
False
Is 8035378 a multiple of 13?
True
Does 94 divide 1146706?
True
Is 168 a factor of 2779056?
True
Is 79958517 a multiple of 657?
False
Does 2148 divide 190784746?
False
Is 455 a factor of 13010270?
True
Does 17 divide 547842?
True
Is 74 a factor of 4811789542?
True
Is 1050271616 a multiple of 16?
True
Does 22 divide 247861922?
True
Is 6673 a factor of 7677003090?
False
Does 1026 divide 2668626?
True
Is 973271717 a multiple of 407?
True
Is 26 a factor of 18630079?
False
Is 38 a factor of 1028546?
True
Is 881973 a multiple of 1849?
True
Does 19 divide 132368098?
True
Is 625 a factor of 65451875?
True
Does 2798 divide 37803778?
True
Is 6 a factor of 36659438?
False
Is 454 a factor of 245831042?
False
Is 2033 a factor of 66306295?
True
Is 827 a factor of 296057730?
True
Is 1676642760 a multiple of 39?
True
Is 1791484706 a multiple of 118?
False
Is 3665 a factor of 652238060?
True
Does 4168 divide 1541675262?
False
Is 298 a factor of 4103196?
False
Is 425059690 a multiple of 9?
False
Is 17 a factor of 212319477?
True
Does 190 divide 47357951?
False
Does 2237 divide 115354746?
False
Is 831679476 a multiple of 282?
True
Does 33 divide 623806947?
False
Is 37 a factor of 56582716?
False
Does 3979 divide 16663041?
False
Does 36 divide 346171520?
False
Does 120 divide 5899680?
True
Is 4212 a factor of 101074003?
False
Is 918703296 a multiple of 6111?
True
Does 633 divide 116858603?
False
Does 52 divide 1123283512?
True
Is 1466473140 a multiple of 240?
False
Is 654336 a multiple of 3?
True
Does 33 divide 68303499?
True
Is 115256094 a multiple of 626?
False
Is 19 a factor of 73095681?
False
Does 203 divide 14876802?
False
Is 464912710 a multiple of 10?
True
Is 4976049 a multiple of 23?
False
Is 121 a factor of 107988518?
False
Is 445360016 a multiple of 157?
True
Is 241 a factor of 501329164?
True
Is 378237600 a multiple of 130?
True
Does 487 divide 2120071710?
True
Is 110 a factor of 2661126?
False
Is 11 a factor of 52754416?
True
Does 43 divide 376516861?
False
Does 221 divide 6677415?
False
Is 100176615 a multiple of 1035?
True
Does 157 divide 895524389?
True
Is 33924633 a multiple of 219?
True
Is 4 a factor of 442537878?
False
Does 342 divide 2299441?
False
Does 258 divide 189511836?
True
Is 1102 a factor of 269180630?
False
Does 2739 divide 36918572?
False
Is 8 a factor of 39189632?
True
Does 14 divide 1729003